{"id":2181,"date":"2024-11-08T14:36:43","date_gmt":"2024-11-08T13:36:43","guid":{"rendered":"https:\/\/moellnerschachverein.de\/?page_id=2181"},"modified":"2024-11-08T14:39:32","modified_gmt":"2024-11-08T13:39:32","slug":"ljssem-ljebm","status":"publish","type":"page","link":"https:\/\/moellnerschachverein.de\/?page_id=2181","title":{"rendered":"LJSSEM &#038; LJEBM"},"content":{"rendered":"\t\t<div data-elementor-type=\"wp-page\" data-elementor-id=\"2181\" class=\"elementor elementor-2181\">\n\t\t\t\t<div class=\"elementor-element elementor-element-bf88376 e-flex e-con-boxed e-con e-parent\" data-id=\"bf88376\" data-element_type=\"container\" data-core-v316-plus=\"true\">\n\t\t\t\t\t<div class=\"e-con-inner\">\n\t\t\t\t<div class=\"elementor-element elementor-element-54db8e9 elementor-widget elementor-widget-spacer\" data-id=\"54db8e9\" data-element_type=\"widget\" data-widget_type=\"spacer.default\">\n\t\t\t\t<div class=\"elementor-widget-container\">\n\t\t\t<style>\/*! elementor - v3.20.0 - 20-03-2024 *\/\n.elementor-column .elementor-spacer-inner{height:var(--spacer-size)}.e-con{--container-widget-width:100%}.e-con-inner>.elementor-widget-spacer,.e-con>.elementor-widget-spacer{width:var(--container-widget-width,var(--spacer-size));--align-self:var(--container-widget-align-self,initial);--flex-shrink:0}.e-con-inner>.elementor-widget-spacer>.elementor-widget-container,.e-con>.elementor-widget-spacer>.elementor-widget-container{height:100%;width:100%}.e-con-inner>.elementor-widget-spacer>.elementor-widget-container>.elementor-spacer,.e-con>.elementor-widget-spacer>.elementor-widget-container>.elementor-spacer{height:100%}.e-con-inner>.elementor-widget-spacer>.elementor-widget-container>.elementor-spacer>.elementor-spacer-inner,.e-con>.elementor-widget-spacer>.elementor-widget-container>.elementor-spacer>.elementor-spacer-inner{height:var(--container-widget-height,var(--spacer-size))}.e-con-inner>.elementor-widget-spacer.elementor-widget-empty,.e-con>.elementor-widget-spacer.elementor-widget-empty{position:relative;min-height:22px;min-width:22px}.e-con-inner>.elementor-widget-spacer.elementor-widget-empty .elementor-widget-empty-icon,.e-con>.elementor-widget-spacer.elementor-widget-empty .elementor-widget-empty-icon{position:absolute;top:0;bottom:0;left:0;right:0;margin:auto;padding:0;width:22px;height:22px}<\/style>\t\t<div class=\"elementor-spacer\">\n\t\t\t<div class=\"elementor-spacer-inner\"><\/div>\n\t\t<\/div>\n\t\t\t\t<\/div>\n\t\t\t\t<\/div>\n\t\t\t\t<div class=\"elementor-element elementor-element-5a1655e elementor-widget elementor-widget-heading\" data-id=\"5a1655e\" data-element_type=\"widget\" data-widget_type=\"heading.default\">\n\t\t\t\t<div class=\"elementor-widget-container\">\n\t\t\t<style>\/*! elementor - v3.20.0 - 20-03-2024 *\/\n.elementor-heading-title{padding:0;margin:0;line-height:1}.elementor-widget-heading .elementor-heading-title[class*=elementor-size-]>a{color:inherit;font-size:inherit;line-height:inherit}.elementor-widget-heading .elementor-heading-title.elementor-size-small{font-size:15px}.elementor-widget-heading .elementor-heading-title.elementor-size-medium{font-size:19px}.elementor-widget-heading .elementor-heading-title.elementor-size-large{font-size:29px}.elementor-widget-heading .elementor-heading-title.elementor-size-xl{font-size:39px}.elementor-widget-heading .elementor-heading-title.elementor-size-xxl{font-size:59px}<\/style><h2 class=\"elementor-heading-title elementor-size-default\">LJSSEM & LJEBM in M\u00f6lln!<\/h2>\t\t<\/div>\n\t\t\t\t<\/div>\n\t\t\t\t<div class=\"elementor-element elementor-element-83a5d3e elementor-widget elementor-widget-text-editor\" data-id=\"83a5d3e\" data-element_type=\"widget\" data-widget_type=\"text-editor.default\">\n\t\t\t\t<div class=\"elementor-widget-container\">\n\t\t\t<style>\/*! elementor - v3.20.0 - 20-03-2024 *\/\n.elementor-widget-text-editor.elementor-drop-cap-view-stacked .elementor-drop-cap{background-color:#69727d;color:#fff}.elementor-widget-text-editor.elementor-drop-cap-view-framed .elementor-drop-cap{color:#69727d;border:3px solid;background-color:transparent}.elementor-widget-text-editor:not(.elementor-drop-cap-view-default) .elementor-drop-cap{margin-top:8px}.elementor-widget-text-editor:not(.elementor-drop-cap-view-default) .elementor-drop-cap-letter{width:1em;height:1em}.elementor-widget-text-editor .elementor-drop-cap{float:left;text-align:center;line-height:1;font-size:50px}.elementor-widget-text-editor .elementor-drop-cap-letter{display:inline-block}<\/style>\t\t\t\t<p>06.11.24<\/p>\t\t\t\t\t\t<\/div>\n\t\t\t\t<\/div>\n\t\t\t\t<div class=\"elementor-element elementor-element-c6d1984 elementor-widget-divider--view-line elementor-widget elementor-widget-divider\" data-id=\"c6d1984\" data-element_type=\"widget\" data-widget_type=\"divider.default\">\n\t\t\t\t<div class=\"elementor-widget-container\">\n\t\t\t<style>\/*! elementor - v3.20.0 - 20-03-2024 *\/\n.elementor-widget-divider{--divider-border-style:none;--divider-border-width:1px;--divider-color:#0c0d0e;--divider-icon-size:20px;--divider-element-spacing:10px;--divider-pattern-height:24px;--divider-pattern-size:20px;--divider-pattern-url:none;--divider-pattern-repeat:repeat-x}.elementor-widget-divider .elementor-divider{display:flex}.elementor-widget-divider .elementor-divider__text{font-size:15px;line-height:1;max-width:95%}.elementor-widget-divider .elementor-divider__element{margin:0 var(--divider-element-spacing);flex-shrink:0}.elementor-widget-divider .elementor-icon{font-size:var(--divider-icon-size)}.elementor-widget-divider .elementor-divider-separator{display:flex;margin:0;direction:ltr}.elementor-widget-divider--view-line_icon .elementor-divider-separator,.elementor-widget-divider--view-line_text .elementor-divider-separator{align-items:center}.elementor-widget-divider--view-line_icon .elementor-divider-separator:after,.elementor-widget-divider--view-line_icon .elementor-divider-separator:before,.elementor-widget-divider--view-line_text .elementor-divider-separator:after,.elementor-widget-divider--view-line_text .elementor-divider-separator:before{display:block;content:\"\";border-block-end:0;flex-grow:1;border-block-start:var(--divider-border-width) var(--divider-border-style) var(--divider-color)}.elementor-widget-divider--element-align-left .elementor-divider .elementor-divider-separator>.elementor-divider__svg:first-of-type{flex-grow:0;flex-shrink:100}.elementor-widget-divider--element-align-left .elementor-divider-separator:before{content:none}.elementor-widget-divider--element-align-left .elementor-divider__element{margin-left:0}.elementor-widget-divider--element-align-right .elementor-divider .elementor-divider-separator>.elementor-divider__svg:last-of-type{flex-grow:0;flex-shrink:100}.elementor-widget-divider--element-align-right .elementor-divider-separator:after{content:none}.elementor-widget-divider--element-align-right .elementor-divider__element{margin-right:0}.elementor-widget-divider--element-align-start .elementor-divider .elementor-divider-separator>.elementor-divider__svg:first-of-type{flex-grow:0;flex-shrink:100}.elementor-widget-divider--element-align-start .elementor-divider-separator:before{content:none}.elementor-widget-divider--element-align-start .elementor-divider__element{margin-inline-start:0}.elementor-widget-divider--element-align-end .elementor-divider .elementor-divider-separator>.elementor-divider__svg:last-of-type{flex-grow:0;flex-shrink:100}.elementor-widget-divider--element-align-end .elementor-divider-separator:after{content:none}.elementor-widget-divider--element-align-end .elementor-divider__element{margin-inline-end:0}.elementor-widget-divider:not(.elementor-widget-divider--view-line_text):not(.elementor-widget-divider--view-line_icon) .elementor-divider-separator{border-block-start:var(--divider-border-width) var(--divider-border-style) var(--divider-color)}.elementor-widget-divider--separator-type-pattern{--divider-border-style:none}.elementor-widget-divider--separator-type-pattern.elementor-widget-divider--view-line .elementor-divider-separator,.elementor-widget-divider--separator-type-pattern:not(.elementor-widget-divider--view-line) .elementor-divider-separator:after,.elementor-widget-divider--separator-type-pattern:not(.elementor-widget-divider--view-line) .elementor-divider-separator:before,.elementor-widget-divider--separator-type-pattern:not([class*=elementor-widget-divider--view]) .elementor-divider-separator{width:100%;min-height:var(--divider-pattern-height);-webkit-mask-size:var(--divider-pattern-size) 100%;mask-size:var(--divider-pattern-size) 100%;-webkit-mask-repeat:var(--divider-pattern-repeat);mask-repeat:var(--divider-pattern-repeat);background-color:var(--divider-color);-webkit-mask-image:var(--divider-pattern-url);mask-image:var(--divider-pattern-url)}.elementor-widget-divider--no-spacing{--divider-pattern-size:auto}.elementor-widget-divider--bg-round{--divider-pattern-repeat:round}.rtl .elementor-widget-divider .elementor-divider__text{direction:rtl}.e-con-inner>.elementor-widget-divider,.e-con>.elementor-widget-divider{width:var(--container-widget-width,100%);--flex-grow:var(--container-widget-flex-grow)}<\/style>\t\t<div class=\"elementor-divider\">\n\t\t\t<span class=\"elementor-divider-separator\">\n\t\t\t\t\t\t<\/span>\n\t\t<\/div>\n\t\t\t\t<\/div>\n\t\t\t\t<\/div>\n\t\t\t\t<div class=\"elementor-element elementor-element-32533c9 elementor-widget elementor-widget-text-editor\" data-id=\"32533c9\" data-element_type=\"widget\" data-widget_type=\"text-editor.default\">\n\t\t\t\t<div class=\"elementor-widget-container\">\n\t\t\t\t\t\t\t<p>Vergangenen Samstag und Sonntag fanden bei uns in M\u00f6lln die Landesjugendschnellschachmeisterschaften und die Landesjugendeinzelmeisterschaften statt.<br \/>Zusammen mit Unterst\u00fctzung der SJSH konnten wir den knapp 90 Teilnehmern vor Ort zwei sch\u00f6ne Turniere ausrichten und durch Hilfe aus dem Verein war auch ein kleiner Kiosk-Verkauf auch m\u00f6glich!<\/p><p>\u00a0<\/p><p style=\"text-align: center;\"><span style=\"color: #002688;\"><a style=\"color: #002688;\" href=\"https:\/\/www.sjsh.de\/news\/bericht-zur-ljssem-ljbem-2024\/\">Hier den ganzen Bericht der SJSH lesen<\/a><\/span><\/p>\t\t\t\t\t\t<\/div>\n\t\t\t\t<\/div>\n\t\t\t\t<div class=\"elementor-element elementor-element-b8a8329 elementor-widget elementor-widget-spacer\" data-id=\"b8a8329\" data-element_type=\"widget\" data-widget_type=\"spacer.default\">\n\t\t\t\t<div class=\"elementor-widget-container\">\n\t\t\t\t\t<div class=\"elementor-spacer\">\n\t\t\t<div class=\"elementor-spacer-inner\"><\/div>\n\t\t<\/div>\n\t\t\t\t<\/div>\n\t\t\t\t<\/div>\n\t\t\t\t\t<\/div>\n\t\t\t\t<\/div>\n\t\t<div class=\"elementor-element elementor-element-38e667b e-flex e-con-boxed e-con e-parent\" data-id=\"38e667b\" data-element_type=\"container\" data-core-v316-plus=\"true\">\n\t\t\t\t\t<div class=\"e-con-inner\">\n\t\t<div class=\"elementor-element elementor-element-899f361 e-con-full e-flex e-con e-child\" data-id=\"899f361\" data-element_type=\"container\">\n\t\t\t\t<\/div>\n\t\t<div class=\"elementor-element elementor-element-08b3017 e-con-full e-flex e-con e-child\" data-id=\"08b3017\" data-element_type=\"container\">\n\t\t<div class=\"elementor-element elementor-element-83b9f40 e-flex e-con-boxed e-con e-child\" data-id=\"83b9f40\" data-element_type=\"container\">\n\t\t\t\t\t<div class=\"e-con-inner\">\n\t\t\t\t\t<\/div>\n\t\t\t\t<\/div>\n\t\t<div class=\"elementor-element elementor-element-1d5d312 e-flex e-con-boxed e-con e-child\" data-id=\"1d5d312\" data-element_type=\"container\">\n\t\t\t\t\t<div class=\"e-con-inner\">\n\t\t\t\t\t<\/div>\n\t\t\t\t<\/div>\n\t\t\t\t<\/div>\n\t\t\t\t\t<\/div>\n\t\t\t\t<\/div>\n\t\t<div class=\"elementor-element elementor-element-1da19f0 e-flex e-con-boxed e-con e-parent\" data-id=\"1da19f0\" data-element_type=\"container\" data-core-v316-plus=\"true\">\n\t\t\t\t\t<div class=\"e-con-inner\">\n\t\t<div class=\"elementor-element elementor-element-6811391 e-con-full e-flex e-con e-child\" data-id=\"6811391\" data-element_type=\"container\">\n\t\t\t\t<div class=\"elementor-element elementor-element-1a72847 elementor-widget elementor-widget-image\" data-id=\"1a72847\" data-element_type=\"widget\" data-widget_type=\"image.default\">\n\t\t\t\t<div class=\"elementor-widget-container\">\n\t\t\t<style>\/*! elementor - v3.20.0 - 20-03-2024 *\/\n.elementor-widget-image{text-align:center}.elementor-widget-image a{display:inline-block}.elementor-widget-image a img[src$=\".svg\"]{width:48px}.elementor-widget-image img{vertical-align:middle;display:inline-block}<\/style>\t\t\t\t\t\t\t\t\t\t<img fetchpriority=\"high\" decoding=\"async\" width=\"1024\" height=\"771\" src=\"https:\/\/moellnerschachverein.de\/wp-content\/uploads\/2024\/11\/522f2037-578b-4d9b-8242-6b9e78ac7a5f-1024x771.jpg\" class=\"attachment-large size-large wp-image-2186\" alt=\"\" srcset=\"https:\/\/moellnerschachverein.de\/wp-content\/uploads\/2024\/11\/522f2037-578b-4d9b-8242-6b9e78ac7a5f-1024x771.jpg 1024w, https:\/\/moellnerschachverein.de\/wp-content\/uploads\/2024\/11\/522f2037-578b-4d9b-8242-6b9e78ac7a5f-300x226.jpg 300w, https:\/\/moellnerschachverein.de\/wp-content\/uploads\/2024\/11\/522f2037-578b-4d9b-8242-6b9e78ac7a5f-768x578.jpg 768w, https:\/\/moellnerschachverein.de\/wp-content\/uploads\/2024\/11\/522f2037-578b-4d9b-8242-6b9e78ac7a5f-1536x1156.jpg 1536w, https:\/\/moellnerschachverein.de\/wp-content\/uploads\/2024\/11\/522f2037-578b-4d9b-8242-6b9e78ac7a5f.jpg 1600w\" sizes=\"(max-width: 1024px) 100vw, 1024px\" \/>\t\t\t\t\t\t\t\t\t\t\t\t\t<\/div>\n\t\t\t\t<\/div>\n\t\t\t\t<\/div>\n\t\t<div class=\"elementor-element elementor-element-32590c8 e-con-full e-flex e-con e-child\" data-id=\"32590c8\" data-element_type=\"container\">\n\t\t\t\t<div class=\"elementor-element elementor-element-774460b elementor-widget elementor-widget-image\" data-id=\"774460b\" data-element_type=\"widget\" data-widget_type=\"image.default\">\n\t\t\t\t<div class=\"elementor-widget-container\">\n\t\t\t\t\t\t\t\t\t\t\t\t\t<img decoding=\"async\" width=\"1024\" height=\"768\" src=\"https:\/\/moellnerschachverein.de\/wp-content\/uploads\/2024\/11\/c20d34d3-c6d1-4b4c-baaf-d78a6722d3a4-1024x768.jpg\" class=\"attachment-large size-large wp-image-2183\" alt=\"\" srcset=\"https:\/\/moellnerschachverein.de\/wp-content\/uploads\/2024\/11\/c20d34d3-c6d1-4b4c-baaf-d78a6722d3a4-1024x768.jpg 1024w, https:\/\/moellnerschachverein.de\/wp-content\/uploads\/2024\/11\/c20d34d3-c6d1-4b4c-baaf-d78a6722d3a4-300x225.jpg 300w, https:\/\/moellnerschachverein.de\/wp-content\/uploads\/2024\/11\/c20d34d3-c6d1-4b4c-baaf-d78a6722d3a4-768x576.jpg 768w, https:\/\/moellnerschachverein.de\/wp-content\/uploads\/2024\/11\/c20d34d3-c6d1-4b4c-baaf-d78a6722d3a4-1536x1152.jpg 1536w, https:\/\/moellnerschachverein.de\/wp-content\/uploads\/2024\/11\/c20d34d3-c6d1-4b4c-baaf-d78a6722d3a4.jpg 1600w\" sizes=\"(max-width: 1024px) 100vw, 1024px\" \/>\t\t\t\t\t\t\t\t\t\t\t\t\t<\/div>\n\t\t\t\t<\/div>\n\t\t\t\t<\/div>\n\t\t<div class=\"elementor-element elementor-element-fa44b34 e-con-full e-flex e-con e-child\" data-id=\"fa44b34\" data-element_type=\"container\">\n\t\t\t\t<div class=\"elementor-element elementor-element-757d201 elementor-widget elementor-widget-image\" data-id=\"757d201\" data-element_type=\"widget\" data-widget_type=\"image.default\">\n\t\t\t\t<div class=\"elementor-widget-container\">\n\t\t\t\t\t\t\t\t\t\t\t\t\t<img decoding=\"async\" width=\"1024\" height=\"771\" src=\"https:\/\/moellnerschachverein.de\/wp-content\/uploads\/2024\/11\/f9c3007f-857d-4811-825b-e06aeecc3bbe-1024x771.jpg\" class=\"attachment-large size-large wp-image-2184\" alt=\"\" srcset=\"https:\/\/moellnerschachverein.de\/wp-content\/uploads\/2024\/11\/f9c3007f-857d-4811-825b-e06aeecc3bbe-1024x771.jpg 1024w, https:\/\/moellnerschachverein.de\/wp-content\/uploads\/2024\/11\/f9c3007f-857d-4811-825b-e06aeecc3bbe-300x226.jpg 300w, https:\/\/moellnerschachverein.de\/wp-content\/uploads\/2024\/11\/f9c3007f-857d-4811-825b-e06aeecc3bbe-768x578.jpg 768w, https:\/\/moellnerschachverein.de\/wp-content\/uploads\/2024\/11\/f9c3007f-857d-4811-825b-e06aeecc3bbe-1536x1156.jpg 1536w, https:\/\/moellnerschachverein.de\/wp-content\/uploads\/2024\/11\/f9c3007f-857d-4811-825b-e06aeecc3bbe.jpg 1600w\" sizes=\"(max-width: 1024px) 100vw, 1024px\" \/>\t\t\t\t\t\t\t\t\t\t\t\t\t<\/div>\n\t\t\t\t<\/div>\n\t\t\t\t<\/div>\n\t\t<div class=\"elementor-element elementor-element-26aa89d e-con-full e-flex e-con e-child\" data-id=\"26aa89d\" data-element_type=\"container\">\n\t\t\t\t<div class=\"elementor-element elementor-element-d446b2d elementor-widget elementor-widget-image\" data-id=\"d446b2d\" data-element_type=\"widget\" data-widget_type=\"image.default\">\n\t\t\t\t<div class=\"elementor-widget-container\">\n\t\t\t\t\t\t\t\t\t\t\t\t\t<img loading=\"lazy\" decoding=\"async\" width=\"1024\" height=\"768\" src=\"https:\/\/moellnerschachverein.de\/wp-content\/uploads\/2024\/11\/f5489432-4955-44ea-a4b5-db33b800c7d0-1024x768.jpg\" class=\"attachment-large size-large wp-image-2185\" alt=\"\" srcset=\"https:\/\/moellnerschachverein.de\/wp-content\/uploads\/2024\/11\/f5489432-4955-44ea-a4b5-db33b800c7d0-1024x768.jpg 1024w, https:\/\/moellnerschachverein.de\/wp-content\/uploads\/2024\/11\/f5489432-4955-44ea-a4b5-db33b800c7d0-300x225.jpg 300w, https:\/\/moellnerschachverein.de\/wp-content\/uploads\/2024\/11\/f5489432-4955-44ea-a4b5-db33b800c7d0-768x576.jpg 768w, https:\/\/moellnerschachverein.de\/wp-content\/uploads\/2024\/11\/f5489432-4955-44ea-a4b5-db33b800c7d0-1536x1152.jpg 1536w, https:\/\/moellnerschachverein.de\/wp-content\/uploads\/2024\/11\/f5489432-4955-44ea-a4b5-db33b800c7d0.jpg 1600w\" sizes=\"(max-width: 1024px) 100vw, 1024px\" \/>\t\t\t\t\t\t\t\t\t\t\t\t\t<\/div>\n\t\t\t\t<\/div>\n\t\t\t\t<\/div>\n\t\t\t\t\t<\/div>\n\t\t\t\t<\/div>\n\t\t<div class=\"elementor-element elementor-element-662eecf e-flex e-con-boxed e-con e-parent\" data-id=\"662eecf\" data-element_type=\"container\" data-core-v316-plus=\"true\">\n\t\t\t\t\t<div class=\"e-con-inner\">\n\t\t<div class=\"elementor-element elementor-element-a5506f6 e-con-full e-flex e-con e-child\" data-id=\"a5506f6\" data-element_type=\"container\">\n\t\t\t\t<\/div>\n\t\t<div class=\"elementor-element elementor-element-ede3b65 e-con-full e-flex e-con e-child\" data-id=\"ede3b65\" data-element_type=\"container\">\n\t\t\t\t<\/div>\n\t\t<div class=\"elementor-element elementor-element-69f5ca4 e-con-full e-flex e-con e-child\" data-id=\"69f5ca4\" data-element_type=\"container\">\n\t\t\t\t<\/div>\n\t\t<div class=\"elementor-element elementor-element-58ee27b e-con-full e-flex e-con e-child\" data-id=\"58ee27b\" data-element_type=\"container\">\n\t\t\t\t<\/div>\n\t\t<div class=\"elementor-element elementor-element-b946471 e-con-full e-flex e-con e-child\" data-id=\"b946471\" data-element_type=\"container\">\n\t\t\t\t<\/div>\n\t\t\t\t\t<\/div>\n\t\t\t\t<\/div>\n\t\t\t\t<\/div>\n\t\t","protected":false},"excerpt":{"rendered":"<p>LJSSEM &#038; LJEBM in M\u00f6lln! 06.11.24 Vergangenen Samstag und Sonntag fanden bei uns in M\u00f6lln die Landesjugendschnellschachmeisterschaften und die Landesjugendeinzelmeisterschaften statt.Zusammen mit Unterst\u00fctzung der SJSH konnten wir den knapp 90 Teilnehmern vor Ort zwei sch\u00f6ne Turniere ausrichten und durch Hilfe aus dem Verein war auch ein kleiner Kiosk-Verkauf auch m\u00f6glich! \u00a0 Hier den ganzen Bericht &hellip;<\/p>\n<p class=\"read-more\"> <a class=\"\" href=\"https:\/\/moellnerschachverein.de\/?page_id=2181\"> <span class=\"screen-reader-text\">LJSSEM &#038; LJEBM<\/span> Weiterlesen &raquo;<\/a><\/p>\n","protected":false},"author":1,"featured_media":0,"parent":0,"menu_order":0,"comment_status":"closed","ping_status":"closed","template":"","meta":{"_monsterinsights_skip_tracking":false,"_monsterinsights_sitenote_active":false,"_monsterinsights_sitenote_note":"","_monsterinsights_sitenote_category":0,"site-sidebar-layout":"no-sidebar","site-content-layout":"page-builder","ast-site-content-layout":"full-width-container","site-content-style":"default","site-sidebar-style":"default","ast-global-header-display":"","ast-banner-title-visibility":"","ast-main-header-display":"","ast-hfb-above-header-display":"","ast-hfb-below-header-display":"","ast-hfb-mobile-header-display":"","site-post-title":"disabled","ast-breadcrumbs-content":"","ast-featured-img":"disabled","footer-sml-layout":"","theme-transparent-header-meta":"","adv-header-id-meta":"","stick-header-meta":"","header-above-stick-meta":"","header-main-stick-meta":"","header-below-stick-meta":"","astra-migrate-meta-layouts":"set","footnotes":""},"aioseo_notices":[],"_links":{"self":[{"href":"https:\/\/moellnerschachverein.de\/index.php?rest_route=\/wp\/v2\/pages\/2181"}],"collection":[{"href":"https:\/\/moellnerschachverein.de\/index.php?rest_route=\/wp\/v2\/pages"}],"about":[{"href":"https:\/\/moellnerschachverein.de\/index.php?rest_route=\/wp\/v2\/types\/page"}],"author":[{"embeddable":true,"href":"https:\/\/moellnerschachverein.de\/index.php?rest_route=\/wp\/v2\/users\/1"}],"replies":[{"embeddable":true,"href":"https:\/\/moellnerschachverein.de\/index.php?rest_route=%2Fwp%2Fv2%2Fcomments&post=2181"}],"version-history":[{"count":4,"href":"https:\/\/moellnerschachverein.de\/index.php?rest_route=\/wp\/v2\/pages\/2181\/revisions"}],"predecessor-version":[{"id":2189,"href":"https:\/\/moellnerschachverein.de\/index.php?rest_route=\/wp\/v2\/pages\/2181\/revisions\/2189"}],"wp:attachment":[{"href":"https:\/\/moellnerschachverein.de\/index.php?rest_route=%2Fwp%2Fv2%2Fmedia&parent=2181"}],"curies":[{"name":"wp","href":"https:\/\/api.w.org\/{rel}","templated":true}]}}